by w?
35
Suppose 5*q + 25 = 0, 0 = b + 2*b + 5*q - 2. Let d(k) = -7*k - 6*k**3 - k**2 + 11*k + 5*k**2 - 2*k - 1. What is the remainder when b is divided by d(-1)?
2
Let o(z) = 4235*z + 21215. Suppose 2*k = -3*t + 19, 0 = 3*t - 4*t + 3*k - 1. Calculate the remainder when o(-5) is divided by t.
0
Suppose 59 = 5*w + 2*p, w - 2*p = -6*p + 19. What is the remainder when 974 is divided by w?
6
Suppose -o - 2*p + 1515 = 0, 0 = 5*o + 361*p - 356*p - 7565. Calculate the remainder when o is divided by 86.
49
Let f = 2 - -23. Let l(w) = w**3 + 11*w**2 - 27*w + 8. Let c be l(-13). Let k(y) = 2*y**2 - 37*y - 34. Calculate the remainder when k(c) is divided by f.
21
Suppose 4*d + 81 - 25 = 0. Let w = d - -17. Suppose 3*a + 2 = b, 17 = 4*b + w*a - 66. Calculate the remainder when 29 is divided by b.
12
Suppose k + 4 = 16*k - 71. Calculate the remainder when 1135 is divided by k.
0
Let d(p) = -p**2 - 11*p + 62. Let j be d(-15). Suppose 3*q - j*u - 77 = 0, 7*u - 21 = -q + 3*u. Calculate the remainder when q is divided by 18.
7
Suppose -3*q + 249 = -165*x + 168*x, -3*x = -5*q - 233. Calculate the remainder when 88 is divided by x.
7
Let r = 18 + 2. Let w = 293 + -268. Suppose o - w - 9 = 0. What is the remainder when o is divided by r?
14
Let g = -200 - -213. Let m = g + -4. What is the remainder when 25 is divided by m?
7
Let w = 263 + -234. Suppose -n + w*n = 420. Suppose 8*j - 210 = 3*j. Calculate the remainder when j is divided by n.
12
Suppose 32*g - 9*g - 368 = 0. Suppose -7*l + 4*l = -9. What is the remainder when -3*(l - (-38)/(-3)) is divided by g?
13
Let a(x) = -x**2 + 14*x - 53. Let u be a(7). Let w(g) = -g**3 + 11*g**2 + 3*g - 7. What is the remainder when w(11) is divided by (6 + -1)/(u/(-12))?
11
Let a(p) = p**3 - p**2 - 4. Let w be a(2). Let b(r) = -r**3 - 2*r**2 + 13. Let f be b(w). Suppose -63 + f = -2*h. What is the remainder when 73 is divided by h?
23
Let z(q) = 22*q - 442 + 115 - 9*q - 42 + 11*q. What is the remainder when 111 is divided by z(18)?
48
Let z(d) be the second derivative of -2*d**3 - 13*d**2 - 10*d + 2. What is the remainder when 115 is divided by z(-5)?
13
Suppose 0 = -2*g - 4, 5*o - g + 4*g = -26. Let s be 93/o - ((-4)/16 - -1). Let u = s + 40. Calculate the remainder when 58 is divided by u.
10
Let f(o) = -699*o**3 + 5*o**2 - 2*o - 5. Calculate the remainder when f(-1) is divided by 16.
13
Let w(k) = -5*k + 14*k + k**3 - 2*k**3 - 12 - 11*k**2. Suppose n + 0*n + 4*j = -8, -4*n = -5*j + 53. What is the remainder when 92 is divided by w(n)?
20
Let t = 16 + -145. Calculate the remainder when ((-215)/t)/(82/(-42) - -2) is divided by -1 - (19*-1 - 1).
16
Suppose 0 = -2*d + 24 + 76. Let u = 61527 + -61514. Calculate the remainder when d is divided by u.
11
Calculate the remainder when 237 is divided by (1656/(-46))/(4/(-9)).
75
Let j(p) = 39*p - 333. Let n = 870 - 861. Calculate the remainder when 250/4 - (-1)/(-2) is divided by j(n).
8
Calculate the remainder when (-2472)/(-21 + 18) + 1 + -2 + 0 is divided by 106.
81
Let h(q) = 5*q + 164. Let g = -66 - -99. What is the remainder when h(5) is divided by g?
24
Let l be -4 + 5 + 378 - 4. What is the remainder when 128 is divided by 1725/l + (-2)/(-5)?
3
Suppose -5*y + 8*y = 4*l + 8, 5*y - l + 15 = 0. Calculate the remainder when 72/4 + (-3 - y) is divided by 14.
5
Calculate the remainder when 598 is divided by (-170688)/(-588) - -4*(-3)/42.
18
Let s = -14 - -17. Suppose -v = -s*v + 654. Suppose 11*w = 8*w + v. What is the remainder when w is divided by 16?
13
Let w be (-2)/7*-2*(-35)/(-5). Suppose w = -7*h + 9*h. What is the remainder when 28 is divided by h?
0
Suppose 2*o - 18*f = -13*f + 329, 807 = 5*o + 3*f. Let l(k) = k**3 + 9*k**2 - 14*k - 6. What is the remainder when o is divided by l(-10)?
26
Let b = -11154 + 11361. What is the remainder when 251 is divided by b?
44
Let r(c) = 7*c + 179. Let i be r(-22). Suppose 65 = 5*l - i. Calculate the remainder when 86 is divided by l.
14
Let y(j) = j**3 + 15*j**2 + 3*j - 123. Calculate the remainder when 243 is divided by y(-14).
26
Suppose -v = -8, -108 = -2*i - 4*v + v. Suppose 2*s - 110 = s + 3*c, 0 = 4*s + 2*c - 468. Suppose s = z - 51. Calculate the remainder when z is divided by i.
41
Suppose 2*v - 5672 = 3*s, -12*s + 13*s = -4. Calculate the remainder when v is divided by 12.
10
What is the remainder when -7*(792/(-12) + -8) is divided by 105?
98
Suppose 2*d = 352 - 133 - 89. Calculate the remainder when 99 is divided by d.
34
Calculate the remainder when 1322 + (-20)/4 - -14 is divided by 191.
185
Let o be 2/(469/77 + -6). Let c = o - -34. What is the remainder when c is divided by 29?
27
Let c(b) = -b**3 - 7*b**2 + 9*b - 16. Let t be c(-8). Let u = 33 + t. Suppose -u + 79 = 5*x. Calculate the remainder when 40 is divided by x.
12
Calculate the remainder when 1044 is divided by (2/7)/((-1)/(-119))*48/12.
92
Suppose -5*y - l + 3012 = -7480, 4*l - 8384 = -4*y. Calculate the remainder when y is divided by 30.
29
Calculate the remainder when ((-2523)/(-2))/((-365)/(-730)) is divided by 251.
13
Let o = -6 - -6. Let s(w) = 2*w - 1. Let j be s(2). Suppose -j*c - 4*k + 38 = o, 5*c = 2*c + 5*k + 74. Calculate the remainder when c is divided by 7.
4
Let z = -11610 + 12933. Calculate the remainder when 2648 is divided by z.
2
Let q(i) = i**3 + 5*i**2 + 3*i + 4. Let m(v) = 797*v - 5450. What is the remainder when m(7) is divided by q(-3)?
12
Let i be ((-2184)/(-32))/21 - (-1)/(-4). Suppose d - 18 - 5 = -2*p, i*p = 0. What is the remainder when d is divided by 22?
1
Let u(i) = 552*i - 6064. What is the remainder when 717 is divided by u(11)?
5
Suppose -212*d = -221*d + 36. Suppose 0 = -5*p - 4*y + 255, 49*y = d*p + 53*y - 204. Calculate the remainder when 199 is divided by p.
46
Let r(y) = 4*y - 19. Let i be r(6). Suppose -i*l - 384 + 449 = 0. What is the remainder when 28 is divided by l?
2
Suppose -g = 4*o, 0 = g - 3*g - 5*o. Suppose -2*h - h = -2*t - 15, g = -5*h - 3*t + 6. Calculate the remainder when 51/12 - (-6)/(-24) is divided by h.
1
Suppose 173*j + 27415 = 178*j + 5*b, 5*b = -4*j + 21926. What is the remainder when j is divided by 183?
182
Let t = 24956 - 24783. Calculate the remainder when t is divided by 154.
19
Let t(s) = s**2 - 13*s + 499. Calculate the remainder when t(18) is divided by 56.
29
Suppose -26*w + 11*w - 370259 = -52*w. What is the remainder when w is divided by 130?
127
What is the remainder when 939 is divided by 1968/(-120) - -16 - 302/(-5)?
39
Let q be (-3 - 32) + 2*-1. Calculate the remainder when (-8)/4 - q/1 is divided by 6/(-7 + (-15)/(-2)).
11
Suppose 0 = -4*z + 47 - 35. Let i = 0 + z. Suppose -12*y + 11*y = -i. What is the remainder when 5 is divided by y?
2
Let a = 8265 - 7891. What is the remainder when a is divided by 183?
8
Suppose 11*w - y = 15*w - 1078, 813 = 3*w + 3*y. What is the remainder when w is divided by 68?
65
Let g = 1579 + -958. What is the remainder when g is divided by 26?
23
Let u(i) = -i**2 - 4*i. Let p be u(-3). Let m be (17 - -4)/p - 3. What is the remainder when 14 is divided by (5 + 10)*m/6?
4
Suppose 2*p + 1317 - 117 = 10*p. Let w(z) = -z**2 - 14*z - 2. Calculate the remainder when p is divided by w(-10).
36
Let t be (2*(1 - 2))/(2/(-5)). Suppose 40 = t*p + 3*p. Let i = 13 - -6. What is the remainder when i is divided by p?
4
Suppose 4*j = -2*a + 11938, -j + 33288 - 3416 = 5*a. Calculate the remainder when a is divided by 8.
7
Let b(q) be the first derivative of 5*q**2 - 10*q + 320. What is the remainder when 54 is divided by b(3)?
14
Suppose 2*n - 2 = 4. Suppose 5*p = 5*c - 230, -n*c + 54 = -5*p - 76. Calculate the remainder when c is divided by 31.
19
Suppose 2*y - 36 = s, 5*y - 97 = 280*s - 281*s. Suppose 2*b + 16 = 44. Suppose 3*j = 1 + b. What is the remainder when y is divided by j?
4
Suppose 6 = m - 4. Suppose 0 = h, 0 = -0*c - 2*c - 5*h - 918. What is the remainder when c/(-85)*5/(0 + 1) is divided by m?
7
Let w be 4 + 1 + (5 - 6). Suppose 0 = -5*n - 3*j + 2, w*n + 1 = -j + 4. Calculate the remainder when (-60 + 7 + 0)*(-1)/n is divided by 14.
11
Calculate the remainder when -14 + (-304)/(-22) - (-42965)/55 is divided by 203.
172
Let a(i) = -i**3 - 3*i**2 - 3*i + 377. What is the remainder when a(0) is divided by 27?
26
Let k(i) = -i**2 + 4*i + 9. Let h be k(6). Calc